{"id":18,"date":"2018-09-23T15:47:32","date_gmt":"2018-09-23T13:47:32","guid":{"rendered":"http:\/\/bva.sk\/?page_id=18"},"modified":"2024-11-30T17:17:06","modified_gmt":"2024-11-30T16:17:06","slug":"produkty","status":"publish","type":"page","link":"https:\/\/bva.sk\/index.php\/produkty\/","title":{"rendered":"Produkty"},"content":{"rendered":"\n<div class=\"is-vertical is-layout-flex wp-container-1 wp-block-group\">\n<figure class=\"wp-block-image size-large is-resized\"><a href=\"https:\/\/hoke.com\/\" target=\"_blank\" rel=\"noreferrer noopener\"><img decoding=\"async\" loading=\"lazy\" src=\"https:\/\/bva.sk\/wp-content\/uploads\/2023\/03\/Hoke-Gyrolok-Crane-Logo--1024x136.jpg\" alt=\"\" class=\"wp-image-617\" width=\"458\" height=\"60\" srcset=\"https:\/\/bva.sk\/wp-content\/uploads\/2023\/03\/Hoke-Gyrolok-Crane-Logo--1024x136.jpg 1024w, https:\/\/bva.sk\/wp-content\/uploads\/2023\/03\/Hoke-Gyrolok-Crane-Logo--300x40.jpg 300w, https:\/\/bva.sk\/wp-content\/uploads\/2023\/03\/Hoke-Gyrolok-Crane-Logo--768x102.jpg 768w, https:\/\/bva.sk\/wp-content\/uploads\/2023\/03\/Hoke-Gyrolok-Crane-Logo--1536x204.jpg 1536w, https:\/\/bva.sk\/wp-content\/uploads\/2023\/03\/Hoke-Gyrolok-Crane-Logo-.jpg 1934w\" sizes=\"(max-width: 458px) 100vw, 458px\" \/><\/a><\/figure>\n\n\n\n<p class=\"has-text-align-left\"><a href=\"https:\/\/catalog.hoke.com\/category\/valves\" target=\"_blank\" rel=\"noreferrer noopener\">Pr\u00edstrojov\u00e9 ventily<\/a><\/p>\n\n\n\n<p><a href=\"https:\/\/catalog.hoke.com\/category\/gyrolok-tube-fittings\" target=\"_blank\" rel=\"noreferrer noopener\">Gyrolok fittingy<\/a><\/p>\n\n\n\n<p><a href=\"https:\/\/catalog.hoke.com\/ImgCustom\/1015\/79026_PipeFittings_Catalog.pdf\" target=\"_blank\" rel=\"noreferrer noopener\">Trubkov\u00e9 fittingy<\/a><\/p>\n\n\n\n<p><a href=\"https:\/\/catalog.hoke.com\/ImgCustom\/1015\/79600-quickconnects.pdf\" target=\"_blank\" rel=\"noreferrer noopener\">R\u00fdchlospojky<\/a><\/p>\n\n\n\n<p><a href=\"https:\/\/catalog.hoke.com\/category\/sampling-cylinders\" target=\"_blank\" rel=\"noreferrer noopener\">Vzorkovacie n\u00e1doby a ventily<\/a><\/p>\n\n\n\n<p><a href=\"https:\/\/catalog.hoke.com\/category\/actuators\" target=\"_blank\" rel=\"noreferrer noopener\">Elektrick\u00e9 a pneumatick\u00e9 pohony na ventily<\/a><\/p>\n\n\n\n<p><a rel=\"noreferrer noopener\" href=\"https:\/\/catalog.hoke.com\/category\/tool-accessories\" target=\"_blank\">N\u00e1radie a pr\u00edslu\u0161enstvo<\/a><\/p>\n\n\n\n<p><\/p>\n<\/div>\n\n\n\n<div class=\"is-vertical is-layout-flex wp-container-2 wp-block-group\">\n<figure class=\"wp-block-image size-full is-resized\"><img decoding=\"async\" loading=\"lazy\" src=\"https:\/\/bva.sk\/wp-content\/uploads\/2023\/03\/crane-go-regulator-logo-2.png\" alt=\"\" class=\"wp-image-663\" width=\"496\" height=\"84\" srcset=\"https:\/\/bva.sk\/wp-content\/uploads\/2023\/03\/crane-go-regulator-logo-2.png 800w, https:\/\/bva.sk\/wp-content\/uploads\/2023\/03\/crane-go-regulator-logo-2-300x51.png 300w, https:\/\/bva.sk\/wp-content\/uploads\/2023\/03\/crane-go-regulator-logo-2-768x130.png 768w\" sizes=\"(max-width: 496px) 100vw, 496px\" \/><\/figure>\n\n\n\n<p><a href=\"https:\/\/goreg.com\/product-category\/pressure-regulators\/\" target=\"_blank\" rel=\"noreferrer noopener\">Tlakov\u00e9 regul\u00e1tory<\/a><\/p>\n\n\n\n<p><a href=\"https:\/\/goreg.com\/product-category\/diaphragm-valves\/\" target=\"_blank\" rel=\"noreferrer noopener\">Membr\u00e1nov\u00e9 ventily<\/a><\/p>\n\n\n\n<p><a href=\"https:\/\/goreg.com\/product-category\/ct-seven-six\/\" target=\"_blank\" rel=\"noreferrer noopener\">Modul\u00e1rne syst\u00e9my<\/a><\/p>\n<\/div>\n\n\n\n<p><\/p>\n\n\n\n<div class=\"is-vertical is-layout-flex wp-container-3 wp-block-group\">\n<figure class=\"wp-block-image size-large is-resized\"><a href=\"https:\/\/www.osecoelfab.com\/\" target=\"_blank\" rel=\"noreferrer noopener\"><img decoding=\"async\" loading=\"lazy\" src=\"https:\/\/bva.sk\/wp-content\/uploads\/2023\/03\/OsecoElfab_Dark_Text_for_Light_Backgrounds-1-1024x170.png\" alt=\"\" class=\"wp-image-622\" width=\"455\" height=\"75\" srcset=\"https:\/\/bva.sk\/wp-content\/uploads\/2023\/03\/OsecoElfab_Dark_Text_for_Light_Backgrounds-1-1024x170.png 1024w, https:\/\/bva.sk\/wp-content\/uploads\/2023\/03\/OsecoElfab_Dark_Text_for_Light_Backgrounds-1-300x50.png 300w, https:\/\/bva.sk\/wp-content\/uploads\/2023\/03\/OsecoElfab_Dark_Text_for_Light_Backgrounds-1-768x127.png 768w, https:\/\/bva.sk\/wp-content\/uploads\/2023\/03\/OsecoElfab_Dark_Text_for_Light_Backgrounds-1-1536x254.png 1536w, https:\/\/bva.sk\/wp-content\/uploads\/2023\/03\/OsecoElfab_Dark_Text_for_Light_Backgrounds-1-2048x339.png 2048w\" sizes=\"(max-width: 455px) 100vw, 455px\" \/><\/a><\/figure>\n\n\n\n<p><a href=\"https:\/\/www.osecoelfab.com\/products?category=rupture-discs\" target=\"_blank\" rel=\"noreferrer noopener\">Prietr\u017en\u00e9 tlakov\u00e9 membr\u00e1ny<\/a><\/p>\n\n\n\n<p><a href=\"https:\/\/www.osecoelfab.com\/products?category=holders\" target=\"_blank\" rel=\"noreferrer noopener\">Dr\u017eiaky na membr\u00e1ny<\/a><\/p>\n\n\n\n<p><a href=\"https:\/\/www.osecoelfab.com\/products?category=sensors\" target=\"_blank\" rel=\"noreferrer noopener\">Senzory ku membr\u00e1nam<\/a><\/p>\n\n\n\n<p><a href=\"https:\/\/www.osecoelfab.com\/products?category=explosion-panels\" target=\"_blank\" rel=\"noreferrer noopener\">Prietr\u017en\u00e9 tlakov\u00e9 panely<\/a><\/p>\n\n\n\n<p><a href=\"https:\/\/www.osecoelfab.com\/products?category=tools-accessories\" target=\"_blank\" rel=\"noreferrer noopener\">N\u00e1radie a pr\u00edslu\u0161enstvo<\/a><\/p>\n<\/div>\n\n\n\n<p><\/p>\n\n\n\n<div class=\"is-vertical is-layout-flex wp-container-4 wp-block-group\">\n<figure class=\"wp-block-image size-full is-resized\"><a href=\"https:\/\/industrial.filtrationgroup.com\/\" target=\"_blank\" rel=\"noreferrer noopener\"><img decoding=\"async\" loading=\"lazy\" src=\"https:\/\/bva.sk\/wp-content\/uploads\/2023\/03\/FiltrationGroup_Industrial-logo.png\" alt=\"\" class=\"wp-image-625\" width=\"459\" height=\"120\" srcset=\"https:\/\/bva.sk\/wp-content\/uploads\/2023\/03\/FiltrationGroup_Industrial-logo.png 768w, https:\/\/bva.sk\/wp-content\/uploads\/2023\/03\/FiltrationGroup_Industrial-logo-300x78.png 300w\" sizes=\"(max-width: 459px) 100vw, 459px\" \/><\/a><\/figure>\n\n\n\n<p><a href=\"https:\/\/industrial.filtrationgroup.com\/product-segments\/hydraulic-filtration\/\" data-type=\"URL\" data-id=\"https:\/\/industrial.filtrationgroup.com\/product-segments\/hydraulic-filtration\/\" target=\"_blank\" rel=\"noreferrer noopener\">Hydraulick\u00e9 filtre<\/a><\/p>\n\n\n\n<p><a href=\"https:\/\/industrial.filtrationgroup.com\/product-segments\/automatic-and-process-filtration\/\" target=\"_blank\" rel=\"noreferrer noopener\">Automatick\u00e9 a procesn\u00e9 filtre<\/a><\/p>\n\n\n\n<p><a href=\"https:\/\/industrial.filtrationgroup.com\/product-segments\/industrial-air\/\" target=\"_blank\" rel=\"noreferrer noopener\">Priemyseln\u00e9 vzduchov\u00e9 filtre<\/a><\/p>\n\n\n\n<p><a rel=\"noreferrer noopener\" href=\"https:\/\/industrial.filtrationgroup.com\/product-segments\/separation\/\" target=\"_blank\">Separa\u010dn\u00e9 filtre<\/a><\/p>\n\n\n\n<div style=\"height:50px\" aria-hidden=\"true\" class=\"wp-block-spacer\"><\/div>\n<\/div>\n\n\n\n<div class=\"is-layout-constrained wp-block-group\"><div class=\"wp-block-group__inner-container\">\n<hr class=\"wp-block-separator has-alpha-channel-opacity\"\/>\n<\/div><\/div>\n\n\n\n<p><em>Na na\u0161ej webovej str\u00e1nke n\u00e1jdete iba katal\u00f3gov\u00e9 produkty. Na\u0161e portf\u00f3lio je v\u0161ak ove\u013ea rozsiahlej\u0161ie.<\/em><\/p>\n\n\n\n<p><em>Pre vypracovanie ponuky alebo z\u00edskanie podrobnej\u0161\u00edch inform\u00e1ci\u00ed n\u00e1s kontaktujte na: <strong><a href=\"mailto:info@bva.sk\" target=\"_blank\" rel=\"noreferrer noopener\">info@bva.sk<\/a><\/strong><\/em><\/p>\n","protected":false},"excerpt":{"rendered":"<p>Pr\u00edstrojov\u00e9 ventily Gyrolok fittingy Trubkov\u00e9 fittingy R\u00fdchlospojky Vzorkovacie n\u00e1doby a ventily Elektrick\u00e9 a pneumatick\u00e9 pohony na ventily N\u00e1radie a pr\u00edslu\u0161enstvo Tlakov\u00e9 regul\u00e1tory Membr\u00e1nov\u00e9 ventily Modul\u00e1rne [&hellip;]<\/p>\n","protected":false},"author":1,"featured_media":0,"parent":0,"menu_order":2,"comment_status":"closed","ping_status":"closed","template":"templates\/staff.php","meta":[],"_links":{"self":[{"href":"https:\/\/bva.sk\/index.php\/wp-json\/wp\/v2\/pages\/18"}],"collection":[{"href":"https:\/\/bva.sk\/index.php\/wp-json\/wp\/v2\/pages"}],"about":[{"href":"https:\/\/bva.sk\/index.php\/wp-json\/wp\/v2\/types\/page"}],"author":[{"embeddable":true,"href":"https:\/\/bva.sk\/index.php\/wp-json\/wp\/v2\/users\/1"}],"replies":[{"embeddable":true,"href":"https:\/\/bva.sk\/index.php\/wp-json\/wp\/v2\/comments?post=18"}],"version-history":[{"count":53,"href":"https:\/\/bva.sk\/index.php\/wp-json\/wp\/v2\/pages\/18\/revisions"}],"predecessor-version":[{"id":681,"href":"https:\/\/bva.sk\/index.php\/wp-json\/wp\/v2\/pages\/18\/revisions\/681"}],"wp:attachment":[{"href":"https:\/\/bva.sk\/index.php\/wp-json\/wp\/v2\/media?parent=18"}],"curies":[{"name":"wp","href":"https:\/\/api.w.org\/{rel}","templated":true}]}}